{"id":28,"date":"2021-03-28T15:20:24","date_gmt":"2021-03-28T20:20:24","guid":{"rendered":"https:\/\/jardininfantillossaucesfunza.edu.co\/wordpress\/?page_id=28"},"modified":"2025-01-30T19:36:19","modified_gmt":"2025-01-31T00:36:19","slug":"contacto","status":"publish","type":"page","link":"https:\/\/jardininfantillossaucesfunza.edu.co\/?page_id=28","title":{"rendered":"Contacto"},"content":{"rendered":"\n<p>Direccion: Carrera 28 No 13-11 barrio Siete Trojes Funza Cundinamarca.  (Frente a la porteria de la urbaniacion Hacienda San Andr\u00e9s.<\/p>\n\n\n\n<p><\/p>\n\n\n\n<p>Telefono de contacto :  +57 3112375812<\/p>\n\n\n\n<p>Correo: contacto@jardininfantillossaucesfunza.edu.co<\/p>\n\n\n<div class=\"wp-block-image\">\n<figure class=\"alignleft size-thumbnail is-resized\"><img loading=\"lazy\" decoding=\"async\" width=\"150\" height=\"150\" src=\"https:\/\/jardininfantillossaucesfunza.edu.co\/wp-content\/uploads\/2025\/01\/atencion-150x150.png\" alt=\"Aviso importante.\" class=\"wp-image-160\" style=\"width:79px;height:auto\" srcset=\"https:\/\/jardininfantillossaucesfunza.edu.co\/wp-content\/uploads\/2025\/01\/atencion-150x150.png 150w, https:\/\/jardininfantillossaucesfunza.edu.co\/wp-content\/uploads\/2025\/01\/atencion-100x100.png 100w\" sizes=\"auto, (max-width: 150px) 100vw, 150px\" \/><\/figure>\n<\/div>\n\n\n<p><strong>Nota importante:<\/strong> Por medio del fomulario se\u00f1alado a continuaci\u00f3n, ustedes podr\u00e1n solicituar informaci\u00f3n respecto a cupos y procedimientos personalizados para sus tr\u00e1mites. &#8220;Estamos Atentos a sus comentarios&#8221;<\/p>\n\n\n\n<div class=\"wp-block-contact-form-7-contact-form-selector\">\n<div class=\"wpcf7 no-js\" id=\"wpcf7-f85-o1\" lang=\"es-CO\" dir=\"ltr\" data-wpcf7-id=\"85\">\n<div class=\"screen-reader-response\"><p role=\"status\" aria-live=\"polite\" aria-atomic=\"true\"><\/p> <ul><\/ul><\/div>\n<form action=\"\/index.php?rest_route=%2Fwp%2Fv2%2Fpages%2F28#wpcf7-f85-o1\" method=\"post\" class=\"wpcf7-form init\" aria-label=\"Formulario de contacto\" enctype=\"multipart\/form-data\" novalidate=\"novalidate\" data-status=\"init\">\n<fieldset class=\"hidden-fields-container\"><input type=\"hidden\" name=\"_wpcf7\" value=\"85\" \/><input type=\"hidden\" name=\"_wpcf7_version\" value=\"6.1.5\" \/><input type=\"hidden\" name=\"_wpcf7_locale\" value=\"es_CO\" \/><input type=\"hidden\" name=\"_wpcf7_unit_tag\" value=\"wpcf7-f85-o1\" \/><input type=\"hidden\" name=\"_wpcf7_container_post\" value=\"0\" \/><input type=\"hidden\" name=\"_wpcf7_posted_data_hash\" value=\"\" \/><input type=\"hidden\" name=\"_wpcf7_recaptcha_response\" value=\"\" \/>\n<\/fieldset>\n<p><label> Tu nombre<br \/>\n<span class=\"wpcf7-form-control-wrap\" data-name=\"your-name\"><input size=\"40\" maxlength=\"400\" class=\"wpcf7-form-control wpcf7-text wpcf7-validates-as-required\" aria-required=\"true\" aria-invalid=\"false\" value=\"\" type=\"text\" name=\"your-name\" \/><\/span> <\/label>\n<\/p>\n<p><label> Tu correo electr\u00f3nico<br \/>\n<span class=\"wpcf7-form-control-wrap\" data-name=\"your-email\"><input size=\"40\" maxlength=\"400\" class=\"wpcf7-form-control wpcf7-email wpcf7-validates-as-required wpcf7-text wpcf7-validates-as-email\" aria-required=\"true\" aria-invalid=\"false\" value=\"\" type=\"email\" name=\"your-email\" \/><\/span> <\/label>\n<\/p>\n<p><label>Telefono de contacto<br \/>\n<span class=\"wpcf7-form-control-wrap\" data-name=\"tel-503\"><input size=\"40\" maxlength=\"400\" class=\"wpcf7-form-control wpcf7-tel wpcf7-validates-as-required wpcf7-text wpcf7-validates-as-tel\" aria-required=\"true\" aria-invalid=\"false\" value=\"\" type=\"tel\" name=\"tel-503\" \/><\/span><\/label>\n<\/p>\n<p><label> Asunto, Petici\u00f3n o Solicitud<br \/>\n<span class=\"wpcf7-form-control-wrap\" data-name=\"your-subject\"><input size=\"40\" maxlength=\"400\" class=\"wpcf7-form-control wpcf7-text wpcf7-validates-as-required\" aria-required=\"true\" aria-invalid=\"false\" value=\"\" type=\"text\" name=\"your-subject\" \/><\/span> <\/label>\n<\/p>\n<p><label> Tu mensaje (opcional)<br \/>\n<span class=\"wpcf7-form-control-wrap\" data-name=\"your-message\"><textarea cols=\"40\" rows=\"10\" maxlength=\"2000\" class=\"wpcf7-form-control wpcf7-textarea\" aria-invalid=\"false\" name=\"your-message\"><\/textarea><\/span> <\/label>\n<\/p>\n<p><label> Si deseas adjuntar alg\u00fan documento, nota de voz o imagen (opcional no mayor a un mega 2 megabytes)<br \/>\n<span class=\"wpcf7-form-control-wrap\" data-name=\"file-239\"><input size=\"40\" class=\"wpcf7-form-control wpcf7-file\" accept=\"audio\/*,video\/*,image\/*\" aria-invalid=\"false\" type=\"file\" name=\"file-239\" \/><\/span> <\/label>\n<\/p>\n<p><input class=\"wpcf7-form-control wpcf7-submit has-spinner\" type=\"submit\" value=\"Enviar\" \/>\n<\/p><div class=\"wpcf7-response-output\" aria-hidden=\"true\"><\/div>\n<\/form>\n<\/div>\n<\/div>\n","protected":false},"excerpt":{"rendered":"<p>Direccion: Carrera 28 No 13-11 barrio Siete Trojes Funza Cundinamarca. (Frente a la porteria de la urbaniacion Hacienda San Andr\u00e9s. Telefono de contacto : +57 3112375812 Correo: contacto@jardininfantillossaucesfunza.edu.co Nota importante: Por medio del fomulario se\u00f1alado a continuaci\u00f3n, ustedes podr\u00e1n solicituar informaci\u00f3n respecto a cupos y procedimientos personalizados para sus tr\u00e1mites. &#8220;Estamos Atentos a sus comentarios&#8221;<\/p>\n","protected":false},"author":1,"featured_media":71,"parent":0,"menu_order":0,"comment_status":"closed","ping_status":"closed","template":"","meta":{"_joinchat":[],"footnotes":""},"class_list":["post-28","page","type-page","status-publish","has-post-thumbnail","hentry"],"_links":{"self":[{"href":"https:\/\/jardininfantillossaucesfunza.edu.co\/index.php?rest_route=\/wp\/v2\/pages\/28","targetHints":{"allow":["GET"]}}],"collection":[{"href":"https:\/\/jardininfantillossaucesfunza.edu.co\/index.php?rest_route=\/wp\/v2\/pages"}],"about":[{"href":"https:\/\/jardininfantillossaucesfunza.edu.co\/index.php?rest_route=\/wp\/v2\/types\/page"}],"author":[{"embeddable":true,"href":"https:\/\/jardininfantillossaucesfunza.edu.co\/index.php?rest_route=\/wp\/v2\/users\/1"}],"replies":[{"embeddable":true,"href":"https:\/\/jardininfantillossaucesfunza.edu.co\/index.php?rest_route=%2Fwp%2Fv2%2Fcomments&post=28"}],"version-history":[{"count":9,"href":"https:\/\/jardininfantillossaucesfunza.edu.co\/index.php?rest_route=\/wp\/v2\/pages\/28\/revisions"}],"predecessor-version":[{"id":165,"href":"https:\/\/jardininfantillossaucesfunza.edu.co\/index.php?rest_route=\/wp\/v2\/pages\/28\/revisions\/165"}],"wp:featuredmedia":[{"embeddable":true,"href":"https:\/\/jardininfantillossaucesfunza.edu.co\/index.php?rest_route=\/wp\/v2\/media\/71"}],"wp:attachment":[{"href":"https:\/\/jardininfantillossaucesfunza.edu.co\/index.php?rest_route=%2Fwp%2Fv2%2Fmedia&parent=28"}],"curies":[{"name":"wp","href":"https:\/\/api.w.org\/{rel}","templated":true}]}}